 - -41) + (22 - (12 - -7)) + -8
34
Calculate -21 + 8 + 5 + -10.
-18
What is -2 - (1 - -13 - 24)?
8
What is (-127 - -118) + 3 + 19?
13
Evaluate 0 - (2 - -11) - (-6 + 1).
-8
What is the value of (-3 - -3) + (26 - 34)?
-8
Evaluate 14 + (-30 - -13) - (0 + (0 - 1)).
-2
Calculate -4 + (-11 - (-32 - -14)) + (-2 - 1).
0
What is the value of -22 + 88 + -1 + -40?
25
42 - 1 - 31 - (2 - 2 - 9)
19
What is the value of (-4 - (5 - -1)) + 11?
1
21 + -7 - 10 - 7
-3
-16 - (14 - ((-2 - 2) + 7))
-27
What is -33 - -55 - 3 - -6?
25
Calculate 26 + -37 - (-6 + 1 + -1).
-5
What is the value of (-154 - -178) + (5 - -2)?
31
What is 25 - (26 - -7) - (8 + 3)?
-19
Calculate (12 - 16) + 10 + (13 - (3 - -1)).
15
Evaluate -10 + (-1 - -4 - 6).
-13
Calculate 0 + -7 + 35 + -29 + 5.
4
Evaluate -28 + 29 - 11 - -1.
-9
What is the value of (-2 - 16 - -15) + -5 + 12?
4
Calculate (0 + -1 - (-20 - -35)) + (-30 - -37).
-9
-14 + (-6 - -12) + 9 - 0
1
-110 - -125 - (-5 - 1)
21
Evaluate -40 + (13 + 17 - -37).
27
Calculate 9 - (14 + (-11 - -4)) - 12 - -5.
-5
Calculate 8 + -4 + (-8 - -4) - (-5 - 0).
5
43 - 36 - (3 - 0)
4
52 - 58 - (21 - -3)
-30
Evaluate -11 - ((6 - 8 - (-1 + 10)) + 4).
-4
Calculate 8 - ((-8 - -7) + 19) - -18 - 9.
-1
Calculate 52 + (-24 - -26) - 27.
27
Calculate -1 - (1 - 47) - (-80 + 96).
29
Evaluate -12 - (1 - (-4 + 15)).
-2
What is (8 - (4 + -6)) + -9 - 9?
-8
Calculate 212 + -218 + (2 - 1) + 13.
8
Calculate 9 - (5 + 1 + 15 + 0).
-12
What is -5 + 0 + (5 - -1) - (5 - -5)?
-9
Evaluate -2 + -5 - (-2 + (0 - -6) + 4).
-15
What is (-1 - -3) + 4 - (-43 + 62)?
-13
5 + 1 + (-3 - (-1 - 1)) - 4
1
What is (0 - 1) + -15 + 33 + -41?
-24
What is the value of -6 - (-2 + 0) - (418 - 428)?
6
What is 18 + -7 + -49 + 17 + 18?
-3
(52 - 30) + (-4 - (0 + 4))
14
What is 5 + -6 - (7 + 1)?
-9
Calculate -37 + -52 + 39 + 85.
35
What is -455 - -445 - (0 + -21)?
11
Calculate (1483 - 1490) + (0 - -38).
31
Calculate -2 - (-1 + -11 + 4).
6
Calculate 18 + 5 - (63 + -23).
-17
Evaluate 0 + -17 + (-162 - -171) - (0 - 1).
-7
Calculate 1 + (0 - -6 - 7 - -11).
11
What is (4 - (-6 + -17)) + -43?
-16
27 + -14 + -20 + -1 + -7
-15
Calculate 562 - 555 - (2 + -6 - 2).
13
What is 6 + -5 + -16 - -40?
25
Calculate -9 + (9 + 4 - (15 + -8)) - -37.
34
Calculate -13 - 1 - (45 + -8 + -18 + -10).
-23
What is (-7 - (-2 + (2 - -3))) + 3?
-7
-3 + -4 + (22 - 45 - -10)
-20
Calculate -3 + (-16 + 7 - (-6 + 6 + 5)).
-17
Calculate -2 - (-10 + (-16 - (10 - 13))).
21
11 + (-1 + -1 - (-13 + 3 + 6))
13
Calculate 1 - -15 - (17 - (-41 + 47)).
5
-11 + (-1 - -17) + (7 - -2 - 19)
-5
What is -1 - ((5 - (0 + 4)) + 2)?
-4
What is -25 + -14 + 52 - (1 - 1)?
13
What is the value of (-4 - -3 - 3) + 7 - (21 - 18)?
0
Calculate -3 + -12 + 1 + 281 + -250.
17
Calculate (7 + -2 - -1) + (-75 - -76) - -13.
20
Evaluate -32 - (-25 - (14 + -24)).
-17
Calculate (-10 - (10 - -2)) + 37.
15
What is the value of 15 + -24 - (-10 - 17) - -6?
24
What is the value of 31 + (-6 + -25 - -29)?
29
What is -23 - (-26 + 46) - (2 - 14)?
-31
Calculate -14 + 6 - ((4 - -7) + -18).
-1
Evaluate 1 + -1 + (105 - 129).
-24
-21 - (-31 + (-12 - -32))
-10
Calculate 8 + 12 - -8 - 6.
22
Evaluate 174 + -165 - (2 + -2).
9
What is -6 - ((-5 - (-7 + -3)) + -1 + -10)?
0
Calculate (-4 - -3) + -10 + 4 - (-17 + 15).
-5
Evaluate -7 - ((21 - 40) + 21).
-9
2 + (-2 + 4 - -5) + -12
-3
-8 + 5 + -2 + 7 + -6
-4
What is the value of (0 - 31) + 25 + -13?
-19
(0 - (-2 + 0)) + 0 - (23 - 24)
3
(-19 - -16) + 11 + 1
9
-17 + 1 + (9 - 1)
-8
What is -4 - (-24 - -32) - -21?
9
Evaluate 3 - 9 - (6 - (-9 - (7 + -27))).
-1
-46 - -61 - (18 + -1)
-2
-1 + 6 + 1285 + -1281
9
What is the value of -15 + ((-2 - -1) + (60 - 56) - -3)?
-9
What is the value of -14 - (12 + -11 - 23)?
8
7 + (-7 - (1 + -1))
0
18 + -56 + 53 + 1 + -7
9
Calculate (-4 - -3 - 0) + (-8 - (6 - 36)).
21
Calculate (16 - 0) + -17 + (4 - -10 - 5).
8
What is 1 - 3 - (13 + (2 - (-9 - -18)))?
-8
155 + -156 - (2 - 0)
-3
Evaluate (2 - (0 + 1)) + -16 + (27 - 20).
-8
What is the value of (-29 - -40) + 10 - (-1 - 3)?
25
What is 10 - (55 - (-2 + (-4 - 8 - -21)))?
-38
What is (-9 - -2) + -2 + 18 + -4 + 0?
5
Calculate (1 - 1) + (-14 - 0 - (589 + -585)).
-18
-4 + 66 + (-64 - -28)
26
What is 32 + (2 - 12) - 8?
14
Calculate 16 - (11 - 8) - 8.
5
-13 + -2 + (-101 - -102)
-14
What is 16 + 1 + -7 - 7?
3
What is -34 - ((-11 - (3 - 2)) + 4)?
-26
What is (7 - (7 + 6)) + (13 - -10)?
17
What is 17 + (-2 - (-1 - 1)) - (197 + -190)?
10
Calculate 5 + (-1 - (2 - -4) - 4).
-6
Evaluate (4 - 2) + (0 - (-12 + 9)).
5
-2 + (3 - (-7 - (-2 - 9 - -3)))
0
(16 - 15 - (-1 + 3)) + 5 + 9
13
Calculate 20 - (-3 + 17 + -7 + -2 + -2).
17
Evaluate 40 + -80 - (3 - 20).
-23
Calculate 5 + -3 + 6 + -11 + -9.
-12
What is the value of (25 - 14) + (-2 - 2)?
7
-23 + 13 - (18 + -24)
-4
What is the value of (22 - 28) + (15 - 22)?
-13
Calculate -46 - (21 + -27) - -69.
29
Calculate -597 + 597 - (0 + -18).
18
What is 6 + (-10 - (2 + -4)) + 3?
1
What is (13 - -7) + 3 - (24 - 17)?
16
What is the value of 2 + -10 + 5 + -10 + 3 - 3?
-13
Evaluate 0 + -26 + 13 + -17 + 19.
-11
What is the value of -11 - -4 - -19 - (16 + 5)?
-9
Evaluate 16 + (-23 - 5) + (2 - 1 - 0).
-11
Calculate -11 - 0 - (21 + (-29 - -10)).
-13
What is the value of 3 + 0 + (15 - 22) - (-1 - -6)?
-9
Calculate (11 - (21 - 6)) + (1 + 0 - -7).
4
Evaluate (-7 - -8) + (2 + -6 - (6 + -7)).
-2
15 + (-9 - (4 - 12))
14
What is (1 - (1 + 0)) + (0 - (-9 + 16))?
-7
-43 + 14 + 4 - (-5 - -4)
-24
What is the value of (7 - 22) + (2 - (1 - 2)) - -1?
-11
23 - (-28 + 37 - (21 - (8 - 3)))
30
What is the value of 11 - 1 - (14 + (-31 - -10))?
17
Calculate 2 - 2 - (11 - 19 - 10) - 4.
14
What is 5 - (3 - (-2 - (0 - -1))) - -10?
9
Calculate 1277 + -1258 - (2 + -2 - 5).
24
Evaluate -4 - (-1 + -7 + (-6 - -12)) - 8.
-10
Evaluate (-42 - -29) + (1 - (-3 - -9)) + 3.
-15
(-21 - -26) + -13 + (12 - 13)
-9
Calculate -9 - (-6 + -2 + 3 + 59 + -58).
-5
What is the value of 110 + -91 + (-3 - 4)?
12
Calculate (27 - -4) + -19 + -15.
-3
Calculate (0 - -28) + 1 + (66 + -6 - 63).
26
What is 9 + -1 - (18 - 18) - -12?
20
What is (-4 + 9 + 2 - 12) + -4?
-9
What is -5 + (-34 - -38 - -10)?
9
Evaluate -9 + 8 - -11 - (-2 + 10).
2
Calculate -136 - -117 - ((-9 - (3 + -5)) + -5).
-7
Calculate (-16 - -19) + 10 + -4 + -8.
1
Evaluate -8 - 10 - -44 - 24.
2
Calculate 1 + (4 + -6 - ((-22 - -9) + 10)).
2
(-101 - -100) + (14 - 1)
12
What is -49 + -35 + 84 + (-12 - 0)?
-12
(6 - (2 + -3)) + 8 + -29 + 6
-8
What is the value of -3 - (-2 + 0 + 10 + (-5 - 7))?
1
What is the value of 1 - -5 - (-30 - -14)?
22
Calculate (6 - (1 + 1 + -8)) + 1 + -5.
8
Evaluate -16 + (1 - -4 - (22 - 22) - 1).
-12
-1 + 14 - (-49 - -58)
4
Calculate 2 - (-14 - (-13 - -10)).
13
What is the value of 3 + (12 - -3) - (-22 - (-14 - 4))?
22
Evaluate -15 - (-27 - -15) - 10.
-13
-3 + 2 + -9 - 0 - -8
-2
Evaluate (-14 - -6) + -39 + 43 - -35.
31
What is the value of 0 - -1 - 28 - (346 + -356)?
-17
What is the value of -4 + 1 - ((48 - 18) + -21)?
-12
What is -7 + 22 + (-31 - -4)?
-12
-11 + 16 + -16 + 15 + 2
6
Calculate -7 + (-3 - (-10 + 6 + 4 + 0)).
-10
Calculate -1 - (18 + (-24 - -12)).
-7
What is -7 + 20 + -6 + -18?
-11
Evaluate -3 + -7 + -9 - -19.
0
What is 39 + (34 - (-39 - -108))?
4
Evaluate (-30 - (2 + 0)) + -1547 + 1560.
-19
What is the value of 12 + -11 + (-3 + 5 - -2) + 4?
9
13 + (-26 - -38 - (-4 + 0))
29
What is (19 - -1 - 8) + -7 + -3?
2
Calculate 19 - (-13 - (-80 - -4) - 12).
-32
What is the value of -8 + -11 + 10 + -14 + 0?
-23
Calculate (-5 - -3) + 3 + 4 + -3.
2
What is the value of 2 + (8 - 14) - -13?
9
What is 122 - 100 - (-1 - -14)?
9
Evaluate 8 + 3 + (-9 - 2 - 0).
0
-4 + -1 - (75 - (127 + -48))
-1
What is the value of -16 + 17 + -22 + 12?
-9
Calculate 11 + -7 + -20 - -2.
-14
4 + 8 + -13 - (32 - 27)
-6
What is the value of (5 - 26) + (9 - 8)?
-20
What is the value of (45 - 43) + (-8 - (-4 + 5))?
-7
What is the value of -4 - 0 - (0 + 13) - (-28 + 32)?
-21
Calculate (15 - 8) + -5 + -4.
-2
What is the value of -6 + 11 + -6 - (7 - 1) - 10?
-17
Calculate 0 + (1 - (12 - 11)) - -12.
12
What is the value of -14 + 12 + (-1 - -8) + -105 + 109?
9
What is (26 - (15 + -2)) + -22?
-9
-7 + (-11 - (-12 + (-6 - -16)))
-16
Calculate 6 - (-13 + 24) - 14.
-19
-16 - -12 - (0 - 7)
3
What is the value of 1 - 1 - (1 + 2) - (646 - 673)?
24
Evaluate -42 - (-26 + 2 + 15